{"id":648,"date":"2018-11-14T07:04:46","date_gmt":"2018-11-14T07:04:46","guid":{"rendered":"http:\/\/evok-oy.de\/wordpress\/?page_id=648"},"modified":"2026-03-20T05:00:04","modified_gmt":"2026-03-20T05:00:04","slug":"datenschutz","status":"publish","type":"page","link":"https:\/\/evok-oy.de\/wordpress\/?page_id=648","title":{"rendered":"Datenschutz"},"content":{"rendered":"\t\t<div data-elementor-type=\"wp-post\" data-elementor-id=\"648\" class=\"elementor elementor-648\">\n\t\t\t\t\t\t<section class=\"elementor-section elementor-top-section elementor-element elementor-element-f64fe6d elementor-section-boxed elementor-section-height-default elementor-section-height-default\" data-id=\"f64fe6d\" data-element_type=\"section\" data-e-type=\"section\">\n\t\t\t\t\t\t<div class=\"elementor-container elementor-column-gap-default\">\n\t\t\t\t\t<div class=\"elementor-column elementor-col-100 elementor-top-column elementor-element elementor-element-45ed931\" data-id=\"45ed931\" data-element_type=\"column\" data-e-type=\"column\">\n\t\t\t<div class=\"elementor-widget-wrap elementor-element-populated\">\n\t\t\t\t\t\t<div class=\"elementor-element elementor-element-f8bd134 elementor-widget elementor-widget-heading\" data-id=\"f8bd134\" data-element_type=\"widget\" data-e-type=\"widget\" data-widget_type=\"heading.default\">\n\t\t\t\t<div class=\"elementor-widget-container\">\n\t\t\t\t\t<h2 class=\"elementor-heading-title elementor-size-default\">DATENSCHUTZERKL\u00c4RUNG<\/h2>\t\t\t\t<\/div>\n\t\t\t\t<\/div>\n\t\t\t\t\t<\/div>\n\t\t<\/div>\n\t\t\t\t\t<\/div>\n\t\t<\/section>\n\t\t\t\t<section class=\"elementor-section elementor-top-section elementor-element elementor-element-bd86121 elementor-section-boxed elementor-section-height-default elementor-section-height-default\" data-id=\"bd86121\" data-element_type=\"section\" data-e-type=\"section\">\n\t\t\t\t\t\t<div class=\"elementor-container elementor-column-gap-default\">\n\t\t\t\t\t<div class=\"elementor-column elementor-col-100 elementor-top-column elementor-element elementor-element-174d11c\" data-id=\"174d11c\" data-element_type=\"column\" data-e-type=\"column\">\n\t\t\t<div class=\"elementor-widget-wrap elementor-element-populated\">\n\t\t\t\t\t\t<div class=\"elementor-element elementor-element-519635b elementor-invisible elementor-widget elementor-widget-text-editor\" data-id=\"519635b\" data-element_type=\"widget\" data-e-type=\"widget\" data-settings=\"{&quot;_animation&quot;:&quot;fadeInUp&quot;}\" data-widget_type=\"text-editor.default\">\n\t\t\t\t<div class=\"elementor-widget-container\">\n\t\t\t\t\t\t\t\t\t<h2>\u00a0<\/h2><p>Wir freuen uns \u00fcber Ihren Besuch auf unserer Website und \u00fcber Ihr Interesse an unserem Unternehmen. Wir nehmen den Schutz Ihrer pers\u00f6nlichen Daten sehr ernst und m\u00f6chten, dass Sie sich beim Besuch unserer Internetseiten sicher f\u00fchlen. Diese Erkl\u00e4rung gibt Ihnen Auskunft dar\u00fcber, wie die EVOK mit Informationen umgeht, die w\u00e4hrend Ihres Besuchs auf unseren Webseiten erhoben werden.<\/p><p><b>Grundsatz<\/b><br \/>Die EVOK nimmt den Schutz Ihrer pers\u00f6nlichen Daten sehr ernst. Wir behandeln Ihre personenbezogenen Daten vertraulich und entsprechend der gesetzlichen Datenschutzvorschriften sowie dieser Datenschutzerkl\u00e4rung.<\/p><p><b>Geltungsbereich<\/b><br \/>Diese Datenschutzerkl\u00e4rung informiert Nutzer der EVOK-Webseiten \u00fcber die Art, den Umfang und Zwecke der Erhebung und Verwendung personenbezogener Daten durch den unten genannten Verantwortlichen.<\/p><p><b>1 \u00d6ffentliches Verfahrensverzeichnis<\/b><\/p><p>1.1 Verantwortliche Stelle: Energieversorgung Oy-Kressen eG<\/p><p>1.2 Verantwortlicher: Gerhard Klaus (Mitglied des Aufsichtsrats)<\/p><p>1.3 Anschrift der verantwortlichen Stelle: Sonnenmulde 1, 87466 Oy-Mittelberg, Deutschland<br \/>Kontaktdaten bzgl. Datenschutz: datenschutz@evok-oy.de<\/p><p>1.4 Zweckbestimmung der Datenerhebung, -Verarbeitung und Nutzung: Gegenstand des Unternehmens ist die Erzeugung, der Vertrieb, die Verteilung und der Handel mit Elektrizit\u00e4t. Die Datenerhebung, -Verarbeitung und -Nutzung erfolgt zur Aus\u00fcbung der Unternehmenszwecke.<\/p><p>1.5 Betroffene Personengruppen und diesbez\u00fcgliche Daten oder Datenkategorien Daten von Kunden, Personal, Lieferanten und Gesch\u00e4ftspartnern, sofern sie zur Erf\u00fcllung der Zweckbestimmung erforderlich sind<\/p><p>1.6 Empf\u00e4nger oder Empf\u00e4nger-Kategorien, denen die Daten mitgeteilt werden \u00d6ffentliche Stellen bei Vorliegen vorrangiger Rechtsvorschriften, externe Auftragnehmer entsprechend \u00a7 11 BDSG sowie externe Stellen und interne Bereiche zur Erf\u00fcllung der Zweckbestimmung.<\/p><p>1.7 Regelfristen der Datenl\u00f6schung<br \/>Erhobene Daten werden unter Beachtung der gesetzlichen Aufbewahrungspflichten und L\u00f6schungsfristen aufbewahrt und gel\u00f6scht. Sofern Daten hiervon nicht ber\u00fchrt sind, werden sie gel\u00f6scht, sobald ihre Kenntnis f\u00fcr die Erf\u00fcllung des Zwecks der Speicherung nicht mehr erforderlich ist.<\/p><p>1.8 Geplante \u00dcbermittlung an Drittstaaten<br \/>Eine \u00dcbermittlung personenbezogener Daten an Drittstaaten ist nicht geplant.<\/p><p><b>2 Prinzipielles zur Datenverarbeitung<\/b><\/p><p>2.1 Personenbezogene Daten<br \/>Personenbezogene Daten sind Informationen, die R\u00fcckschl\u00fcsse auf Ihre Identit\u00e4t zulassen, wie z.B. Ihr Name, Ihre Postanschrift oder Ihre E-Mailadresse.<\/p><p>2.2 Umfang der Verarbeitung personenbezogener Daten<br \/>Wir erheben und verwenden personenbezogene Daten unserer Nutzer grunds\u00e4tzlich nur, soweit dies zur Bereitstellung einer funktionsf\u00e4higen Website sowie unserer Inhalte und Leistungen erforderlich ist. Die Erhebung und Verwendung personenbezogener Daten unserer Nutzer erfolgt regelm\u00e4\u00dfig nur nach Einwilligung des Nutzers. Eine Ausnahme gilt in solchen F\u00e4llen, in denen eine vorherige Einholung einer Einwilligung aus tats\u00e4chlichen Gr\u00fcnden nicht m\u00f6glich ist und die Verarbeitung der Daten durch gesetzliche Vorschriften gestattet ist.<\/p><p>2.3 Rechtsgrundlage f\u00fcr die Verarbeitung personenbezogener Daten<br \/>Soweit wir f\u00fcr Verarbeitungsvorg\u00e4nge personenbezogener Daten eine Einwilligung der betroffenen Person einholen, dient Art. 6 Abs. 1 lit. a EU-Datenschutzgrundverordnung (DSGVO) als Rechtsgrundlage.<br \/>Bei der Verarbeitung von personenbezogenen Daten, die zur Erf\u00fcllung eines Vertrages, dessen Vertragspartei die betroffene Person ist, erforderlich ist, dient Art. 6 Abs. 1 lit. b DSGVO als Rechtsgrundlage. Dies gilt auch f\u00fcr Verarbeitungsvorg\u00e4nge, die zur Durchf\u00fchrung vorvertraglicher Ma\u00dfnahmen erforderlich sind.<br \/>Soweit eine Verarbeitung personenbezogener Daten zur Erf\u00fcllung einer rechtlichen Verpflichtung erforderlich ist, der unser Unternehmen unterliegt, dient Art. 6 Abs. 1 lit. c DSGVO als Rechtsgrundlage.<br \/>F\u00fcr den Fall, dass lebenswichtige Interessen der betroffenen Person oder einer anderen nat\u00fcrlichen Person eine Verarbeitung personenbezogener Daten erforderlich machen, dient Art. 6 Abs. 1 lit. d DSGVO als Rechtsgrundlage.<br \/>Ist die Verarbeitung zur Wahrung eines berechtigten Interesses unseres Unternehmens oder eines Dritten erforderlich und \u00fcberwiegen die Interessen, Grundrechte und Grundfreiheiten des Betroffenen das erstgenannte Interesse nicht, so dient Art. 6 Abs. 1 lit. f DSGVO als Rechtsgrundlage f\u00fcr die Verarbeitung.<\/p><p>2.4 Datenl\u00f6schung und Speicherdauer<br \/>Die personenbezogenen Daten der betroffenen Person werden gel\u00f6scht oder gesperrt, sobald der Zweck der Speicherung entf\u00e4llt. Eine Speicherung kann dar\u00fcber hinaus erfolgen, wenn dies durch den europ\u00e4ischen oder nationalen Gesetzgeber in unionsrechtlichen Verordnungen, Gesetzen oder sonstigen Vorschriften, denen der Verantwortliche unterliegt, vorgesehen wurde. Eine Sperrung oder L\u00f6schung der Daten erfolgt auch dann, wenn eine durch die genannten Normen vorgeschriebene Speicherfrist abl\u00e4uft, es sei denn, dass eine Erforderlichkeit zur weiteren Speicherung der Daten f\u00fcr einen Vertragsabschluss oder eine Vertragserf\u00fcllung besteht.<\/p><p>2.5 Verwendungszwecke<br \/>Die personenbezogenen Daten, die Sie uns \u00fcber das Internet mitteilen (z. B. Name, Adresse oder E-Mail-Adresse) werden nur zur Korrespondenz mit Ihnen oder f\u00fcr den Zweck verarbeitet, zu dem Sie uns die Daten zur Verf\u00fcgung gestellt haben.<br \/>Dar\u00fcber hinaus werden wir diese Daten nutzen, um Sie gelegentlich \u00fcber interessante Angebote zu Produkten und Dienstleistungen zu informieren, soweit Sie damit einverstanden sind bzw. nicht widersprechen. Wir versichern, dass wir Ihre personenbezogenen Daten nicht an Dritte weitergeben, es sei denn, dass wir hierzu gesetzlich verpflichtet sind oder Ihr Einverst\u00e4ndnis vorliegt.<\/p><p>2.6 Rechte der betroffenen Person bzgl. Auskunftsrecht, Berichtigung, Sperrung, L\u00f6schung<br \/>Sie haben jederzeit das Recht auf unentgeltliche Auskunft \u00fcber Ihre gespeicherten personenbezogenen Daten, deren Herkunft und Empf\u00e4nger und den Zweck der Datenverarbeitung sowie ein Recht auf Berichtigung, Sperrung oder L\u00f6schung dieser Daten, soweit dem keine gesetzliche Aufbewahrungspflicht entgegensteht.<\/p><p>2.7 Rechte der betroffenen Person auf Widerspruch gegen Datenerfassung<br \/>Sie sind berechtigt, der Verwendung personenbezogener Daten zu widersprechen. Hierzu gen\u00fcgt eine E-Mail an datenschutz@evok-oy.de.<\/p><p>2.8 SSL-Verschl\u00fcsselung<br \/>Diese Seite nutzt aus Gr\u00fcnden der Sicherheit und zum Schutz der \u00dcbertragung vertraulicher Inhalte, wie zum Beispiel der Anfragen, die Sie an uns als Seitenbetreiber senden, eine SSL-Verschl\u00fcsselung. Eine verschl\u00fcsselte Verbindung erkennen Sie daran, dass die Adresszeile des Browsers von &#8222;http:\/\/&#8220; auf &#8222;https:\/\/&#8220; wechselt und an dem Schloss-Symbol in Ihrer Browserzeile. Wenn die SSL Verschl\u00fcsselung aktiviert ist, k\u00f6nnen die Daten, die Sie an uns \u00fcbermitteln, nicht von Dritten mitgelesen werden.<\/p><p>2.9 Widerspruch Werbe-Mails<br \/>Der Nutzung von im Rahmen der Impressumspflicht ver\u00f6ffentlichten Kontaktdaten zur \u00dcbersendung von nicht ausdr\u00fccklich angeforderter Werbung und Informationsmaterialien wird hiermit widersprochen. Die Betreiber der Seiten behalten sich ausdr\u00fccklich rechtliche Schritte im Falle der unverlangten Zusendung von Werbeinformationen, etwa durch Spam-E-Mails, vor.<\/p><p>2.10 Aktualisierung der Datenschutzerkl\u00e4rung<br \/>Sollten sich die wesentliche Prozesse unseres Internetauftritts \u00e4ndern oder sich die Internet- und EDV-Sicherheitstechnik weiterentwickeln, wird diese Datenschutzerkl\u00e4rung aktualisiert.<\/p><p><b>3 Details zur Datenverarbeitung<\/b><\/p><p>3.1 Bereitstellung der Website und Erstellung von Logfiles<\/p><p>3.1.1 Umfang der Datenverarbeitung<br \/>Die Nutzung unserer Website ist in der Regel ohne Angabe personenbezogener Daten m\u00f6glich. Allerdings werden bei jedem Aufruf unserer Internetseite automatisiert Daten und Informationen vom Computersystem des aufrufenden Rechners erhoben:<br \/>&#8211; Informationen \u00fcber den Browsertyp und die verwendete Version<br \/>&#8211; Das Betriebssystem des Nutzers<br \/>&#8211; Die IP-Adresse des Nutzers<br \/>&#8211; Datum und Uhrzeit des Zugriffs<br \/>Die Daten werden ebenfalls in den Logfiles unseres Systems gespeichert. Eine Speicherung dieser Daten zusammen mit anderen personenbezogenen Daten des Nutzers findet nicht statt.<\/p><p>3.1.2 Rechtsgrundlage f\u00fcr die Datenverarbeitung<br \/>Rechtsgrundlage f\u00fcr die vor\u00fcbergehende Speicherung der Daten und der Logfiles ist Art. 6 Abs. 1 lit. f DSGVO.<\/p><p>3.1.3 Zweck der Datenverarbeitung<br \/>Die vor\u00fcbergehende Speicherung der IP-Adresse durch das System ist notwendig, um eine Auslieferung der Website an den Rechner des Nutzers zu erm\u00f6glichen. Hierf\u00fcr muss die IP-Adresse des Nutzers f\u00fcr die Dauer der Sitzung gespeichert bleiben.<br \/>Die Speicherung in Logfiles erfolgt, um die Funktionsf\u00e4higkeit der Website sicherzustellen. Zudem dienen uns die Daten zur Optimierung der Website und zur Sicherstellung der Sicherheit unserer informationstechnischen Systeme. Wir behalten uns vor die Logfiles zu pr\u00fcfen, wenn uns konkrete Anhaltspunkte f\u00fcr eine rechtswidrige Nutzung bekannt werden. Eine Auswertung der Daten zu Marketingzwecken findet in diesem Zusammenhang nicht statt.<br \/>In diesen Zwecken liegt auch unser berechtigtes Interesse an der Datenverarbeitung nach Art. 6 Abs. 1 lit. f DSGVO.<\/p><p>3.1.4 Dauer der Speicherung<br \/>Die Daten werden gel\u00f6scht, sobald sie f\u00fcr die Erreichung des Zweckes ihrer Erhebung nicht mehr erforderlich sind. Im Falle der Erfassung der Daten zur Bereitstellung der Website ist dies der Fall, wenn die jeweilige Sitzung beendet ist.<br \/>Im Falle der Speicherung der Daten in Logfiles ist dies nach sp\u00e4testens sieben Tagen der Fall. Eine dar\u00fcberhinausgehende Speicherung ist m\u00f6glich. In diesem Fall werden die IP-Adressen der Nutzer gel\u00f6scht oder verfremdet, sodass eine Zuordnung des aufrufenden Clients nicht mehr m\u00f6glich ist.<\/p><p>3.1.5 Widerspruchs- und Beseitigungsm\u00f6glichkeit<br \/>Die Erfassung der Daten zur Bereitstellung der Website und die Speicherung der Daten in Logfiles ist f\u00fcr den Betrieb der Internetseite zwingend erforderlich. Es besteht folglich seitens des Nutzers keine Widerspruchsm\u00f6glichkeit.<\/p><p>3.2 Verwendung von Cookies<\/p><p>3.2.1 Umfang der Datenverarbeitung<br \/>Unsere Webseite verwendet Cookies. Bei Cookies handelt es sich um Textdateien, die im Internetbrowser bzw. vom Internetbrowser auf dem Computersystem des Nutzers gespeichert werden. Ruft ein Nutzer eine Website auf, so kann ein Cookie auf dem Betriebssystem des Nutzers gespeichert werden. Dieser Cookie enth\u00e4lt eine charakteristische Zeichenfolge, die eine eindeutige Identifizierung des Browsers beim erneuten Aufrufen der Website erm\u00f6glicht.<br \/>Wir setzen Cookies ein, um unsere Website nutzerfreundlicher zu gestalten. Einige Elemente unserer Internetseite erfordern es, dass der aufrufende Browser auch nach einem Seitenwechsel identifiziert werden kann.<\/p><p>3.2.2 Rechtsgrundlage f\u00fcr die Datenverarbeitung<br \/>Die Rechtsgrundlage f\u00fcr die Verarbeitung personenbezogener Daten unter Verwendung von Cookies ist Art. 6 Abs. 1 lit. f DSGVO.<\/p><p>3.2.3 Zweck der Datenverarbeitung<br \/>Der Zweck der Verwendung technisch notwendiger Cookies ist, die Nutzung von Websites f\u00fcr die Nutzer zu vereinfachen. Einige Funktionen unserer Internetseite k\u00f6nnen ohne den Einsatz von Cookies nicht angeboten werden. F\u00fcr diese ist es erforderlich, dass der Browser auch nach einem Seitenwechsel wiedererkannt wird.<br \/>In diesen Zwecken liegt auch unser berechtigtes Interesse in der Verarbeitung der personenbezogenen Daten nach Art. 6 Abs. 1 lit. f DSGVO.<\/p><p>3.2.4 Dauer der Speicherung, Widerspruchs- und Beseitigungsm\u00f6glichkeit<br \/>Cookies werden auf dem Rechner des Nutzers gespeichert und von diesem an unsere Seite \u00fcbermittelt. Daher haben Sie als Nutzer auch die volle Kontrolle \u00fcber die Verwendung von Cookies. Durch eine \u00c4nderung der Einstellungen in Ihrem Internetbrowser k\u00f6nnen Sie die \u00dcbertragung von Cookies deaktivieren oder einschr\u00e4nken. Bereits gespeicherte Cookies k\u00f6nnen jederzeit gel\u00f6scht werden. Dies kann auch automatisiert erfolgen. Werden Cookies f\u00fcr unsere Website deaktiviert, k\u00f6nnen m\u00f6glicherweise nicht mehr alle Funktionen der Website vollumf\u00e4nglich genutzt werden.<\/p><p>3.3 Kontaktformular und E-Mail-Kontakt<\/p><p>3.3.1 Umfang der Datenverarbeitung<br \/>Auf unserer Internetseite ist ein Kontaktformular vorhanden, welches f\u00fcr die elektronische Kontaktaufnahme genutzt werden kann. Nimmt ein Nutzer diese M\u00f6glichkeit wahr, so werden die in der Eingabemaske eingegeben Daten an uns \u00fcbermittelt und gespeichert. Diese Daten sind:<br \/>&#8211; Vor- und Nachname<br \/>&#8211; E-Mail-Adresse.<br \/>Im Zeitpunkt der Absendung der Nachricht werden zudem folgende Daten gespeichert: <br \/>&#8211; Die IP-Adresse des Nutzers<br \/>&#8211; Datum und Uhrzeit der Registrierung<br \/>F\u00fcr die Verarbeitung der Daten wird im Rahmen des Absende-Vorgangs Ihre Einwilligung eingeholt und auf diese Datenschutzerkl\u00e4rung verwiesen.<br \/>Alternativ ist eine Kontaktaufnahme \u00fcber die bereitgestellte E-Mail-Adresse m\u00f6glich. In diesem Fall werden die mit der E-Mail \u00fcbermittelten personenbezogenen Daten des Nutzers gespeichert.<br \/>Es erfolgt in diesem Zusammenhang keine Weitergabe der Daten an Dritte. Die Daten werden ausschlie\u00dflich f\u00fcr die Verarbeitung der Konversation verwendet.<br \/>Wir weisen darauf hin, dass die Daten\u00fcbertragung im Internet (z.B. bei der Kommunikation per E-Mail) Sicherheitsl\u00fccken aufweisen kann. Ein l\u00fcckenloser Schutz der Daten vor dem Zugriff durch Dritte ist nicht m\u00f6glich.<\/p><p>3.3.2 Rechtsgrundlage f\u00fcr die Datenverarbeitung<br \/>Rechtsgrundlage f\u00fcr die Verarbeitung der Daten ist bei Vorliegen einer Einwilligung des Nutzers Art. 6 Abs. 1 lit. a DSGVO.<br \/>Rechtsgrundlage f\u00fcr die Verarbeitung der Daten, die im Zuge einer \u00dcbersendung einer E-Mail \u00fcbermittelt werden, ist Art. 6 Abs. 1 lit. f DSGVO. Zielt der E-Mail-Kontakt auf den Abschluss eines Vertrages ab, so ist zus\u00e4tzliche Rechtsgrundlage f\u00fcr die Verarbeitung Art. 6 Abs. 1 lit. b DSGVO.<\/p><p>3.3.3 Zweck der Datenverarbeitung<br \/>Die Verarbeitung der personenbezogenen Daten aus der Eingabemaske dient uns allein zur Bearbeitung der Kontaktaufnahme. Im Falle einer Kontaktaufnahme per E-Mail liegt hieran auch das erforderliche berechtigte Interesse an der Verarbeitung der Daten.<br \/>Die sonstigen w\u00e4hrend des Absende-Vorgangs verarbeiteten personenbezogenen Daten dienen dazu, einen Missbrauch des Kontaktformulars zu verhindern und die Sicherheit unserer informationstechnischen Systeme sicherzustellen.<\/p><p>3.3.4 Dauer der Speicherung<br \/>Die Daten werden gel\u00f6scht, sobald sie f\u00fcr die Erreichung des Zweckes ihrer Erhebung nicht mehr erforderlich sind. F\u00fcr die personenbezogenen Daten aus der Eingabemaske des Kontaktformulars und diejenigen, die per E-Mail \u00fcbersandt wurden, ist dies dann der Fall, wenn die jeweilige Konversation mit dem Nutzer beendet ist. Beendet ist die Konversation dann, wenn sich aus den Umst\u00e4nden entnehmen l\u00e4sst, dass der betroffene Sachverhalt abschlie\u00dfend gekl\u00e4rt ist.<br \/>Die w\u00e4hrend des Absende-Vorgangs zus\u00e4tzlich erhobenen personenbezogenen Daten werden sp\u00e4testens nach einer Frist von sieben Tagen gel\u00f6scht.<\/p><p>3.3.5 Widerspruchs- und Beseitigungsm\u00f6glichkeit<br \/>Der Nutzer hat jederzeit die M\u00f6glichkeit, seine Einwilligung zur Verarbeitung der personenbezogenen Daten zu widerrufen. Nimmt der Nutzer per E-Mail Kontakt mit uns auf, so kann er der Speicherung seiner personenbezogenen Daten jederzeit widersprechen. In einem solchen Fall kann die Konversation nicht fortgef\u00fchrt werden.<br \/>Alle personenbezogenen Daten, die im Zuge der Kontaktaufnahme gespeichert wurden, werden in diesem Fall gel\u00f6scht.<\/p>\t\t\t\t\t\t\t\t<\/div>\n\t\t\t\t<\/div>\n\t\t\t\t\t<\/div>\n\t\t<\/div>\n\t\t\t\t\t<\/div>\n\t\t<\/section>\n\t\t\t\t<\/div>\n\t\t","protected":false},"excerpt":{"rendered":"<p>DATENSCHUTZERKL\u00c4RUNG \u00a0 Wir freuen uns \u00fcber Ihren Besuch auf unserer Website und \u00fcber Ihr Interesse an unserem Unternehmen. Wir nehmen den Schutz Ihrer pers\u00f6nlichen Daten sehr ernst und m\u00f6chten, dass Sie sich beim Besuch unserer Internetseiten sicher f\u00fchlen. Diese Erkl\u00e4rung gibt Ihnen Auskunft dar\u00fcber, wie die EVOK mit Informationen umgeht, die w\u00e4hrend Ihres Besuchs auf [&hellip;]<\/p>\n","protected":false},"author":1,"featured_media":0,"parent":0,"menu_order":0,"comment_status":"closed","ping_status":"closed","template":"","meta":{"footnotes":""},"class_list":["post-648","page","type-page","status-publish","hentry"],"_links":{"self":[{"href":"https:\/\/evok-oy.de\/wordpress\/index.php?rest_route=\/wp\/v2\/pages\/648","targetHints":{"allow":["GET"]}}],"collection":[{"href":"https:\/\/evok-oy.de\/wordpress\/index.php?rest_route=\/wp\/v2\/pages"}],"about":[{"href":"https:\/\/evok-oy.de\/wordpress\/index.php?rest_route=\/wp\/v2\/types\/page"}],"author":[{"embeddable":true,"href":"https:\/\/evok-oy.de\/wordpress\/index.php?rest_route=\/wp\/v2\/users\/1"}],"replies":[{"embeddable":true,"href":"https:\/\/evok-oy.de\/wordpress\/index.php?rest_route=%2Fwp%2Fv2%2Fcomments&post=648"}],"version-history":[{"count":14,"href":"https:\/\/evok-oy.de\/wordpress\/index.php?rest_route=\/wp\/v2\/pages\/648\/revisions"}],"predecessor-version":[{"id":3154,"href":"https:\/\/evok-oy.de\/wordpress\/index.php?rest_route=\/wp\/v2\/pages\/648\/revisions\/3154"}],"wp:attachment":[{"href":"https:\/\/evok-oy.de\/wordpress\/index.php?rest_route=%2Fwp%2Fv2%2Fmedia&parent=648"}],"curies":[{"name":"wp","href":"https:\/\/api.w.org\/{rel}","templated":true}]}}